{"id":249,"date":"2019-10-09T07:35:10","date_gmt":"2019-10-09T07:35:10","guid":{"rendered":"https:\/\/baraza.ch\/?page_id=249"},"modified":"2020-05-13T13:56:00","modified_gmt":"2020-05-13T13:56:00","slug":"maedchen-im-house-of-grace","status":"publish","type":"page","link":"https:\/\/baraza.ch\/index.php\/maedchen-im-house-of-grace\/","title":{"rendered":"M\u00e4dchen im House of Grace"},"content":{"rendered":"\t\t<div data-elementor-type=\"wp-page\" data-elementor-id=\"249\" class=\"elementor elementor-249\">\n\t\t\t\t\t\t<section class=\"elementor-section elementor-top-section elementor-element elementor-element-2a1b822 elementor-section-boxed elementor-section-height-default elementor-section-height-default\" data-id=\"2a1b822\" data-element_type=\"section\">\n\t\t\t\t\t\t<div class=\"elementor-container elementor-column-gap-default\">\n\t\t\t\t\t<div class=\"elementor-column elementor-col-100 elementor-top-column elementor-element elementor-element-90d2915\" data-id=\"90d2915\" data-element_type=\"column\">\n\t\t\t<div class=\"elementor-widget-wrap\">\n\t\t\t\t\t\t\t<\/div>\n\t\t<\/div>\n\t\t\t\t\t<\/div>\n\t\t<\/section>\n\t\t\t\t<section class=\"elementor-section elementor-top-section elementor-element elementor-element-264bb27 elementor-section-boxed elementor-section-height-default elementor-section-height-default\" data-id=\"264bb27\" data-element_type=\"section\">\n\t\t\t\t\t\t<div class=\"elementor-container elementor-column-gap-default\">\n\t\t\t\t\t<div class=\"elementor-column elementor-col-16 elementor-top-column elementor-element elementor-element-8eac6ac\" data-id=\"8eac6ac\" data-element_type=\"column\">\n\t\t\t<div class=\"elementor-widget-wrap\">\n\t\t\t\t\t\t\t<\/div>\n\t\t<\/div>\n\t\t\t\t<div class=\"elementor-column elementor-col-66 elementor-top-column elementor-element elementor-element-c16b932\" data-id=\"c16b932\" data-element_type=\"column\">\n\t\t\t<div class=\"elementor-widget-wrap elementor-element-populated\">\n\t\t\t\t\t\t<div class=\"elementor-element elementor-element-f9191cd elementor-widget elementor-widget-heading\" data-id=\"f9191cd\" data-element_type=\"widget\" data-widget_type=\"heading.default\">\n\t\t\t\t<div class=\"elementor-widget-container\">\n\t\t\t\t\t<h2 class=\"elementor-heading-title elementor-size-default\">M\u00e4dchen im House of Grace<\/h2>\t\t\t\t<\/div>\n\t\t\t\t<\/div>\n\t\t\t\t\t<\/div>\n\t\t<\/div>\n\t\t\t\t<div class=\"elementor-column elementor-col-16 elementor-top-column elementor-element elementor-element-ad5600f\" data-id=\"ad5600f\" data-element_type=\"column\">\n\t\t\t<div class=\"elementor-widget-wrap\">\n\t\t\t\t\t\t\t<\/div>\n\t\t<\/div>\n\t\t\t\t\t<\/div>\n\t\t<\/section>\n\t\t\t\t<section class=\"elementor-section elementor-top-section elementor-element elementor-element-c7ac9cb elementor-section-boxed elementor-section-height-default elementor-section-height-default\" data-id=\"c7ac9cb\" data-element_type=\"section\">\n\t\t\t\t\t\t<div class=\"elementor-container elementor-column-gap-default\">\n\t\t\t\t\t<div class=\"elementor-column elementor-col-16 elementor-top-column elementor-element elementor-element-c1fe381\" data-id=\"c1fe381\" data-element_type=\"column\">\n\t\t\t<div class=\"elementor-widget-wrap\">\n\t\t\t\t\t\t\t<\/div>\n\t\t<\/div>\n\t\t\t\t<div class=\"elementor-column elementor-col-66 elementor-top-column elementor-element elementor-element-121d731\" data-id=\"121d731\" data-element_type=\"column\">\n\t\t\t<div class=\"elementor-widget-wrap elementor-element-populated\">\n\t\t\t\t\t\t<div class=\"elementor-element elementor-element-fdbda3c elementor-widget elementor-widget-text-editor\" data-id=\"fdbda3c\" data-element_type=\"widget\" data-widget_type=\"text-editor.default\">\n\t\t\t\t<div class=\"elementor-widget-container\">\n\t\t\t\t\t\t\t\t\tIm Juli 2019 startete das House of Grace einen Arbeitszweig mit M\u00e4dchen. F\u00fcnf M\u00e4dchen wurden aufgenommen. Sie sind zwischen 5 und 10 Jahren alt. Zwei davon sind Fl\u00fcchtlinge aus der Region Djugu. Die anderen drei sind vor allem aufgrund famili\u00e4rer Probleme und absoluter Armut und in der Einrichtung.\n\nDen M\u00e4dchen steht ein eigener Hausteil zur Verf\u00fcgung.\t\t\t\t\t\t\t\t<\/div>\n\t\t\t\t<\/div>\n\t\t\t\t\t<\/div>\n\t\t<\/div>\n\t\t\t\t<div class=\"elementor-column elementor-col-16 elementor-top-column elementor-element elementor-element-d6d88fe\" data-id=\"d6d88fe\" data-element_type=\"column\">\n\t\t\t<div class=\"elementor-widget-wrap\">\n\t\t\t\t\t\t\t<\/div>\n\t\t<\/div>\n\t\t\t\t\t<\/div>\n\t\t<\/section>\n\t\t\t\t<section class=\"elementor-section elementor-top-section elementor-element elementor-element-427b9c5 elementor-section-boxed elementor-section-height-default elementor-section-height-default\" data-id=\"427b9c5\" data-element_type=\"section\">\n\t\t\t\t\t\t<div class=\"elementor-container elementor-column-gap-default\">\n\t\t\t\t\t<div class=\"elementor-column elementor-col-16 elementor-top-column elementor-element elementor-element-71c1dd2\" data-id=\"71c1dd2\" data-element_type=\"column\">\n\t\t\t<div class=\"elementor-widget-wrap\">\n\t\t\t\t\t\t\t<\/div>\n\t\t<\/div>\n\t\t\t\t<div class=\"elementor-column elementor-col-66 elementor-top-column elementor-element elementor-element-8b311d6\" data-id=\"8b311d6\" data-element_type=\"column\">\n\t\t\t<div class=\"elementor-widget-wrap elementor-element-populated\">\n\t\t\t\t\t\t<div class=\"elementor-element elementor-element-5820f0f elementor-invisible elementor-widget elementor-widget-image\" data-id=\"5820f0f\" data-element_type=\"widget\" data-settings=\"{&quot;_animation&quot;:&quot;fadeInUp&quot;}\" data-widget_type=\"image.default\">\n\t\t\t\t<div class=\"elementor-widget-container\">\n\t\t\t\t\t\t\t\t\t\t\t\t\t\t\t<img fetchpriority=\"high\" decoding=\"async\" width=\"1075\" height=\"620\" src=\"https:\/\/baraza.ch\/wp-content\/uploads\/2019\/10\/M\u00e4dchen-2.jpg\" class=\"attachment-pukeko-fi-classic size-pukeko-fi-classic wp-image-260\" alt=\"\" srcset=\"https:\/\/baraza.ch\/wp-content\/uploads\/2019\/10\/M\u00e4dchen-2.jpg 1075w, https:\/\/baraza.ch\/wp-content\/uploads\/2019\/10\/M\u00e4dchen-2-300x173.jpg 300w, https:\/\/baraza.ch\/wp-content\/uploads\/2019\/10\/M\u00e4dchen-2-768x443.jpg 768w, https:\/\/baraza.ch\/wp-content\/uploads\/2019\/10\/M\u00e4dchen-2-1024x591.jpg 1024w\" sizes=\"(max-width: 1075px) 100vw, 1075px\" \/>\t\t\t\t\t\t\t\t\t\t\t\t\t\t\t<\/div>\n\t\t\t\t<\/div>\n\t\t\t\t\t<\/div>\n\t\t<\/div>\n\t\t\t\t<div class=\"elementor-column elementor-col-16 elementor-top-column elementor-element elementor-element-7d23bee\" data-id=\"7d23bee\" data-element_type=\"column\">\n\t\t\t<div class=\"elementor-widget-wrap\">\n\t\t\t\t\t\t\t<\/div>\n\t\t<\/div>\n\t\t\t\t\t<\/div>\n\t\t<\/section>\n\t\t\t\t<section class=\"elementor-section elementor-top-section elementor-element elementor-element-cb33b1e elementor-section-boxed elementor-section-height-default elementor-section-height-default\" data-id=\"cb33b1e\" data-element_type=\"section\">\n\t\t\t\t\t\t<div class=\"elementor-container elementor-column-gap-default\">\n\t\t\t\t\t<div class=\"elementor-column elementor-col-16 elementor-top-column elementor-element elementor-element-c3fd81e\" data-id=\"c3fd81e\" data-element_type=\"column\">\n\t\t\t<div class=\"elementor-widget-wrap\">\n\t\t\t\t\t\t\t<\/div>\n\t\t<\/div>\n\t\t\t\t<div class=\"elementor-column elementor-col-66 elementor-top-column elementor-element elementor-element-b08b4cb\" data-id=\"b08b4cb\" data-element_type=\"column\">\n\t\t\t<div class=\"elementor-widget-wrap elementor-element-populated\">\n\t\t\t\t\t\t<div class=\"elementor-element elementor-element-11eee16 elementor-widget elementor-widget-heading\" data-id=\"11eee16\" data-element_type=\"widget\" data-widget_type=\"heading.default\">\n\t\t\t\t<div class=\"elementor-widget-container\">\n\t\t\t\t\t<h2 class=\"elementor-heading-title elementor-size-default\">M\u00e4dchen im Nordostkongo<\/h2>\t\t\t\t<\/div>\n\t\t\t\t<\/div>\n\t\t\t\t\t<\/div>\n\t\t<\/div>\n\t\t\t\t<div class=\"elementor-column elementor-col-16 elementor-top-column elementor-element elementor-element-e04f2a2\" data-id=\"e04f2a2\" data-element_type=\"column\">\n\t\t\t<div class=\"elementor-widget-wrap\">\n\t\t\t\t\t\t\t<\/div>\n\t\t<\/div>\n\t\t\t\t\t<\/div>\n\t\t<\/section>\n\t\t\t\t<section class=\"elementor-section elementor-top-section elementor-element elementor-element-cd73184 elementor-section-boxed elementor-section-height-default elementor-section-height-default\" data-id=\"cd73184\" data-element_type=\"section\">\n\t\t\t\t\t\t<div class=\"elementor-container elementor-column-gap-default\">\n\t\t\t\t\t<div class=\"elementor-column elementor-col-16 elementor-top-column elementor-element elementor-element-24b8769\" data-id=\"24b8769\" data-element_type=\"column\">\n\t\t\t<div class=\"elementor-widget-wrap\">\n\t\t\t\t\t\t\t<\/div>\n\t\t<\/div>\n\t\t\t\t<div class=\"elementor-column elementor-col-66 elementor-top-column elementor-element elementor-element-8038617\" data-id=\"8038617\" data-element_type=\"column\">\n\t\t\t<div class=\"elementor-widget-wrap elementor-element-populated\">\n\t\t\t\t\t\t<div class=\"elementor-element elementor-element-30abc85 elementor-widget elementor-widget-text-editor\" data-id=\"30abc85\" data-element_type=\"widget\" data-widget_type=\"text-editor.default\">\n\t\t\t\t<div class=\"elementor-widget-container\">\n\t\t\t\t\t\t\t\t\tF\u00fcr vernachl\u00e4ssigte M\u00e4dchen im Nordosten der DR Kongo ist das Leben besonders herausfordernd. Einen Einblick in ihr Leben k\u00f6nnen Sie in diesem Film gewinnen. Es zeigt den Alltag einer Polizistin, welche sich um M\u00fctter und Kinder k\u00fcmmert, welche sich in herausfordernden Lebenssituationen befinden.\t\t\t\t\t\t\t\t<\/div>\n\t\t\t\t<\/div>\n\t\t\t\t\t<\/div>\n\t\t<\/div>\n\t\t\t\t<div class=\"elementor-column elementor-col-16 elementor-top-column elementor-element elementor-element-10ee666\" data-id=\"10ee666\" data-element_type=\"column\">\n\t\t\t<div class=\"elementor-widget-wrap\">\n\t\t\t\t\t\t\t<\/div>\n\t\t<\/div>\n\t\t\t\t\t<\/div>\n\t\t<\/section>\n\t\t\t\t<section class=\"elementor-section elementor-top-section elementor-element elementor-element-e7296d5 elementor-section-boxed elementor-section-height-default elementor-section-height-default\" data-id=\"e7296d5\" data-element_type=\"section\">\n\t\t\t\t\t\t<div class=\"elementor-container elementor-column-gap-default\">\n\t\t\t\t\t<div class=\"elementor-column elementor-col-16 elementor-top-column elementor-element elementor-element-50b08d1\" data-id=\"50b08d1\" data-element_type=\"column\">\n\t\t\t<div class=\"elementor-widget-wrap\">\n\t\t\t\t\t\t\t<\/div>\n\t\t<\/div>\n\t\t\t\t<div class=\"elementor-column elementor-col-66 elementor-top-column elementor-element elementor-element-c591175\" data-id=\"c591175\" data-element_type=\"column\">\n\t\t\t<div class=\"elementor-widget-wrap elementor-element-populated\">\n\t\t\t\t\t\t<div class=\"elementor-element elementor-element-9ebb054 elementor-invisible elementor-widget elementor-widget-video\" data-id=\"9ebb054\" data-element_type=\"widget\" data-settings=\"{&quot;youtube_url&quot;:&quot;https:\\\/\\\/www.youtube.com\\\/watch?v=aRFmXRL0aIM&quot;,&quot;_animation&quot;:&quot;fadeInUp&quot;,&quot;video_type&quot;:&quot;youtube&quot;,&quot;controls&quot;:&quot;yes&quot;}\" data-widget_type=\"video.default\">\n\t\t\t\t<div class=\"elementor-widget-container\">\n\t\t\t\t\t\t\t<div class=\"elementor-wrapper elementor-open-inline\">\n\t\t\t<div class=\"elementor-video\"><\/div>\t\t<\/div>\n\t\t\t\t\t\t<\/div>\n\t\t\t\t<\/div>\n\t\t\t\t\t<\/div>\n\t\t<\/div>\n\t\t\t\t<div class=\"elementor-column elementor-col-16 elementor-top-column elementor-element elementor-element-164b4fa\" data-id=\"164b4fa\" data-element_type=\"column\">\n\t\t\t<div class=\"elementor-widget-wrap\">\n\t\t\t\t\t\t\t<\/div>\n\t\t<\/div>\n\t\t\t\t\t<\/div>\n\t\t<\/section>\n\t\t\t\t<\/div>\n\t\t","protected":false},"excerpt":{"rendered":"<p>M\u00e4dchen im House of Grace Im Juli 2019 startete das House of Grace einen Arbeitszweig mit M\u00e4dchen. F\u00fcnf M\u00e4dchen wurden aufgenommen. Sie sind zwischen 5 und 10 Jahren alt. Zwei davon sind Fl\u00fcchtlinge aus der Region Djugu. Die anderen drei sind vor allem aufgrund famili\u00e4rer Probleme und absoluter Armut und in der Einrichtung. Den M\u00e4dchen&hellip;<\/p>\n","protected":false},"author":1,"featured_media":0,"parent":0,"menu_order":0,"comment_status":"closed","ping_status":"closed","template":"page-templates\/fullscreen-page.php","meta":{"footnotes":""},"class_list":["post-249","page","type-page","status-publish","hentry","comments-closed","no-comments"],"_links":{"self":[{"href":"https:\/\/baraza.ch\/index.php\/wp-json\/wp\/v2\/pages\/249","targetHints":{"allow":["GET"]}}],"collection":[{"href":"https:\/\/baraza.ch\/index.php\/wp-json\/wp\/v2\/pages"}],"about":[{"href":"https:\/\/baraza.ch\/index.php\/wp-json\/wp\/v2\/types\/page"}],"author":[{"embeddable":true,"href":"https:\/\/baraza.ch\/index.php\/wp-json\/wp\/v2\/users\/1"}],"replies":[{"embeddable":true,"href":"https:\/\/baraza.ch\/index.php\/wp-json\/wp\/v2\/comments?post=249"}],"version-history":[{"count":14,"href":"https:\/\/baraza.ch\/index.php\/wp-json\/wp\/v2\/pages\/249\/revisions"}],"predecessor-version":[{"id":500,"href":"https:\/\/baraza.ch\/index.php\/wp-json\/wp\/v2\/pages\/249\/revisions\/500"}],"wp:attachment":[{"href":"https:\/\/baraza.ch\/index.php\/wp-json\/wp\/v2\/media?parent=249"}],"curies":[{"name":"wp","href":"https:\/\/api.w.org\/{rel}","templated":true}]}}

Mädchen im House of Grace

<div data-elementor-type="wp-page" data-elementor-id="249" class="elementor elementor-249">
						<section class="elementor-section elementor-top-section elementor-element elementor-element-2a1b822 elementor-section-boxed elementor-section-height-default elementor-section-height-default" data-id="2a1b822" data-element_type="section">
						<div class="elementor-container elementor-column-gap-default">
					<div class="elementor-column elementor-col-100 elementor-top-column elementor-element elementor-element-90d2915" data-id="90d2915" data-element_type="column">
			<div class="elementor-widget-wrap">
							</div>
		</div>
					</div>
		</section>
				<section class="elementor-section elementor-top-section elementor-element elementor-element-264bb27 elementor-section-boxed elementor-section-height-default elementor-section-height-default" data-id="264bb27" data-element_type="section">
						<div class="elementor-container elementor-column-gap-default">
					<div class="elementor-column elementor-col-16 elementor-top-column elementor-element elementor-element-8eac6ac" data-id="8eac6ac" data-element_type="column">
			<div class="elementor-widget-wrap">
							</div>
		</div>
				<div class="elementor-column elementor-col-66 elementor-top-column elementor-element elementor-element-c16b932" data-id="c16b932" data-element_type="column">
			<div class="elementor-widget-wrap elementor-element-populated">
						<div class="elementor-element elementor-element-f9191cd elementor-widget elementor-widget-heading" data-id="f9191cd" data-element_type="widget" data-widget_type="heading.default">
				<div class="elementor-widget-container">
					<h2 class="elementor-heading-title elementor-size-default">Mädchen im House of Grace</h2>				</div>
				</div>
					</div>
		</div>
				<div class="elementor-column elementor-col-16 elementor-top-column elementor-element elementor-element-ad5600f" data-id="ad5600f" data-element_type="column">
			<div class="elementor-widget-wrap">
							</div>
		</div>
					</div>
		</section>
				<section class="elementor-section elementor-top-section elementor-element elementor-element-c7ac9cb elementor-section-boxed elementor-section-height-default elementor-section-height-default" data-id="c7ac9cb" data-element_type="section">
						<div class="elementor-container elementor-column-gap-default">
					<div class="elementor-column elementor-col-16 elementor-top-column elementor-element elementor-element-c1fe381" data-id="c1fe381" data-element_type="column">
			<div class="elementor-widget-wrap">
							</div>
		</div>
				<div class="elementor-column elementor-col-66 elementor-top-column elementor-element elementor-element-121d731" data-id="121d731" data-element_type="column">
			<div class="elementor-widget-wrap elementor-element-populated">
						<div class="elementor-element elementor-element-fdbda3c elementor-widget elementor-widget-text-editor" data-id="fdbda3c" data-element_type="widget" data-widget_type="text-editor.default">
				<div class="elementor-widget-container">
									Im Juli 2019 startete das House of Grace einen Arbeitszweig mit Mädchen. Fünf Mädchen wurden aufgenommen. Sie sind zwischen 5 und 10 Jahren alt. Zwei davon sind Flüchtlinge aus der Region Djugu. Die anderen drei sind vor allem aufgrund familiärer Probleme und absoluter Armut und in der Einrichtung.

Den Mädchen steht ein eigener Hausteil zur Verfügung.								</div>
				</div>
					</div>
		</div>
				<div class="elementor-column elementor-col-16 elementor-top-column elementor-element elementor-element-d6d88fe" data-id="d6d88fe" data-element_type="column">
			<div class="elementor-widget-wrap">
							</div>
		</div>
					</div>
		</section>
				<section class="elementor-section elementor-top-section elementor-element elementor-element-427b9c5 elementor-section-boxed elementor-section-height-default elementor-section-height-default" data-id="427b9c5" data-element_type="section">
						<div class="elementor-container elementor-column-gap-default">
					<div class="elementor-column elementor-col-16 elementor-top-column elementor-element elementor-element-71c1dd2" data-id="71c1dd2" data-element_type="column">
			<div class="elementor-widget-wrap">
							</div>
		</div>
				<div class="elementor-column elementor-col-66 elementor-top-column elementor-element elementor-element-8b311d6" data-id="8b311d6" data-element_type="column">
			<div class="elementor-widget-wrap elementor-element-populated">
						<div class="elementor-element elementor-element-5820f0f elementor-invisible elementor-widget elementor-widget-image" data-id="5820f0f" data-element_type="widget" data-settings="{&quot;_animation&quot;:&quot;fadeInUp&quot;}" data-widget_type="image.default">
				<div class="elementor-widget-container">
															<img fetchpriority="high" decoding="async" width="1075" height="620" src="https://baraza.ch/wp-content/uploads/2019/10/Mädchen-2.jpg" class="attachment-pukeko-fi-classic size-pukeko-fi-classic wp-image-260" alt="" srcset="https://baraza.ch/wp-content/uploads/2019/10/Mädchen-2.jpg 1075w, https://baraza.ch/wp-content/uploads/2019/10/Mädchen-2-300x173.jpg 300w, https://baraza.ch/wp-content/uploads/2019/10/Mädchen-2-768x443.jpg 768w, https://baraza.ch/wp-content/uploads/2019/10/Mädchen-2-1024x591.jpg 1024w" sizes="(max-width: 1075px) 100vw, 1075px" />															</div>
				</div>
					</div>
		</div>
				<div class="elementor-column elementor-col-16 elementor-top-column elementor-element elementor-element-7d23bee" data-id="7d23bee" data-element_type="column">
			<div class="elementor-widget-wrap">
							</div>
		</div>
					</div>
		</section>
				<section class="elementor-section elementor-top-section elementor-element elementor-element-cb33b1e elementor-section-boxed elementor-section-height-default elementor-section-height-default" data-id="cb33b1e" data-element_type="section">
						<div class="elementor-container elementor-column-gap-default">
					<div class="elementor-column elementor-col-16 elementor-top-column elementor-element elementor-element-c3fd81e" data-id="c3fd81e" data-element_type="column">
			<div class="elementor-widget-wrap">
							</div>
		</div>
				<div class="elementor-column elementor-col-66 elementor-top-column elementor-element elementor-element-b08b4cb" data-id="b08b4cb" data-element_type="column">
			<div class="elementor-widget-wrap elementor-element-populated">
						<div class="elementor-element elementor-element-11eee16 elementor-widget elementor-widget-heading" data-id="11eee16" data-element_type="widget" data-widget_type="heading.default">
				<div class="elementor-widget-container">
					<h2 class="elementor-heading-title elementor-size-default">Mädchen im Nordostkongo</h2>				</div>
				</div>
					</div>
		</div>
				<div class="elementor-column elementor-col-16 elementor-top-column elementor-element elementor-element-e04f2a2" data-id="e04f2a2" data-element_type="column">
			<div class="elementor-widget-wrap">
							</div>
		</div>
					</div>
		</section>
				<section class="elementor-section elementor-top-section elementor-element elementor-element-cd73184 elementor-section-boxed elementor-section-height-default elementor-section-height-default" data-id="cd73184" data-element_type="section">
						<div class="elementor-container elementor-column-gap-default">
					<div class="elementor-column elementor-col-16 elementor-top-column elementor-element elementor-element-24b8769" data-id="24b8769" data-element_type="column">
			<div class="elementor-widget-wrap">
							</div>
		</div>
				<div class="elementor-column elementor-col-66 elementor-top-column elementor-element elementor-element-8038617" data-id="8038617" data-element_type="column">
			<div class="elementor-widget-wrap elementor-element-populated">
						<div class="elementor-element elementor-element-30abc85 elementor-widget elementor-widget-text-editor" data-id="30abc85" data-element_type="widget" data-widget_type="text-editor.default">
				<div class="elementor-widget-container">
									Für vernachlässigte Mädchen im Nordosten der DR Kongo ist das Leben besonders herausfordernd. Einen Einblick in ihr Leben können Sie in diesem Film gewinnen. Es zeigt den Alltag einer Polizistin, welche sich um Mütter und Kinder kümmert, welche sich in herausfordernden Lebenssituationen befinden.								</div>
				</div>
					</div>
		</div>
				<div class="elementor-column elementor-col-16 elementor-top-column elementor-element elementor-element-10ee666" data-id="10ee666" data-element_type="column">
			<div class="elementor-widget-wrap">
							</div>
		</div>
					</div>
		</section>
				<section class="elementor-section elementor-top-section elementor-element elementor-element-e7296d5 elementor-section-boxed elementor-section-height-default elementor-section-height-default" data-id="e7296d5" data-element_type="section">
						<div class="elementor-container elementor-column-gap-default">
					<div class="elementor-column elementor-col-16 elementor-top-column elementor-element elementor-element-50b08d1" data-id="50b08d1" data-element_type="column">
			<div class="elementor-widget-wrap">
							</div>
		</div>
				<div class="elementor-column elementor-col-66 elementor-top-column elementor-element elementor-element-c591175" data-id="c591175" data-element_type="column">
			<div class="elementor-widget-wrap elementor-element-populated">
						<div class="elementor-element elementor-element-9ebb054 elementor-invisible elementor-widget elementor-widget-video" data-id="9ebb054" data-element_type="widget" data-settings="{&quot;youtube_url&quot;:&quot;https:\/\/www.youtube.com\/watch?v=aRFmXRL0aIM&quot;,&quot;_animation&quot;:&quot;fadeInUp&quot;,&quot;video_type&quot;:&quot;youtube&quot;,&quot;controls&quot;:&quot;yes&quot;}" data-widget_type="video.default">
				<div class="elementor-widget-container">
							<div class="elementor-wrapper elementor-open-inline">
			<div class="elementor-video"></div>		</div>
						</div>
				</div>
					</div>
		</div>
				<div class="elementor-column elementor-col-16 elementor-top-column elementor-element elementor-element-164b4fa" data-id="164b4fa" data-element_type="column">
			<div class="elementor-widget-wrap">
							</div>
		</div>
					</div>
		</section>
				</div>

<p>Mädchen im House of Grace Im Juli 2019 startete das House of Grace einen Arbeitszweig mit Mädchen. Fünf Mädchen wurden aufgenommen. Sie sind zwischen 5 und 10 Jahren alt. Zwei davon sind Flüchtlinge aus der Region Djugu. Die anderen drei sind vor allem aufgrund familiärer Probleme und absoluter Armut und in der Einrichtung. Den Mädchen&hellip;</p>
